021*n**2 - 28*n + 138. Is k(5) composite?
False
Let v be 3/6 + 28/(-8). Let c be (-3)/(-1) - 3 - v. Suppose 0 = 4*b - c*z - 248, -3*b + 0*z - z = -173. Is b a composite number?
False
Suppose -2*y = 4*x - 8660, 4*y + 0*y = -2*x + 4318. Is x a composite number?
True
Suppose 0 = -0*a + a - 88. Suppose -2*y + a = 4*d, 3*y + 0*d = 5*d + 176. Suppose p = y + 79. Is p composite?
False
Let p(h) = 185*h + 29. Is p(6) a prime number?
False
Let l(u) = -6*u**3 - 43*u**2 + u - 19. Is l(-8) a composite number?
False
Suppose 26*c = 25*c + 15715. Suppose 2*r - 9*r = -c. Is r prime?
False
Suppose 4*n = -2*y - 0*y + 626, -1240 = -4*y - 4*n. Suppose u - 302 = 4*h, 3*u - y - 549 = 2*h. Suppose 4*c + u = 6*c. Is c prime?
False
Let x(s) = 2*s - 20. Let v be x(11). Suppose -332 + 3028 = -v*l. Is (l/16)/(1/(-4)) prime?
True
Let v = 29285 + -8428. Is v a composite number?
False
Let f = 21305 + -96. Is f prime?
False
Is (-45)/(-135) + ((-25144)/(-6) - -2) a composite number?
True
Let q(z) = 10*z**2 + z + 3. Let y be q(-7). Suppose 4*l = m + 2*m + 2029, 5*m = l - y. Is l a prime number?
False
Let t(x) be the first derivative of 11*x**6/45 - x**5/120 + x**3 - 5. Let l(m) be the third derivative of t(m). Is l(-1) a composite number?
False
Let p(w) = -w**3 - 2*w**2 + 4*w. Let n(l) = l**2 + 13*l + 9. Let i be n(-12). Let o be -3 + 3 + (i - 2). Is p(o) composite?
True
Suppose 8*d = 6*d + 7650. Let p = d + -32. Is p a composite number?
False
Let d(b) = 3*b - 7. Let a be d(5). Suppose 4*r - 3*c = -2*c + 20, r + a = -3*c. Let u(i) = 41*i - 3. Is u(r) a prime number?
False
Is 2/8 + ((-78604)/(-16) - -2) composite?
True
Suppose -21*s = 3*s - 1011912. Is s a composite number?
True
Suppose -4*c = 2*o - 22, -5*o + 0*c = 4*c - 79. Suppose -21 - o = -5*l. Suppose p + 577 = l*h - 4*h, -5*h = 4*p - 695. Is h a composite number?
True
Let w(b) = 58*b**2 - 38*b + 281. Is w(10) prime?
True
Let q(h) = -15*h + 4. Let g be q(-4). Suppose -4*s + 876 = -g. Is s prime?
False
Is (((-32)/24)/4)/((-1)/92217) composite?
True
Let y(w) = 100*w + 41. Suppose 0 = l - 4*l + 27. Is y(l) a prime number?
True
Let p = -64 + -80. Suppose 5*j - 2*f - 1048 = 1531, 0 = -3*j - 2*f + 1541. Let y = j + p. Is y a composite number?
True
Suppose 3*c + 3*i - 265923 = 0, -31 + 15 = 4*i. Is c prime?
False
Is 12/(-18) + (-58463)/(-3) composite?
True
Let v = -10000 + 14409. Is v a prime number?
True
Suppose 0 = -z + f - 101, z - 2*f = 3*z + 206. Let k = z + 473. Is k prime?
False
Let n(w) = 319*w**3 - 2*w + 2. Suppose -3*g = 26 - 11, -h + 5*g + 26 = 0. Is n(h) composite?
True
Suppose -q = -6*q - 110. Let k = 25 + q. Suppose 0 = 5*t - 3*j - 475, -j = 2*t - k*j - 190. Is t a prime number?
False
Let x be 11501/14 - (-2)/(-4). Let i = x + -424. Is i a composite number?
False
Suppose -3*n - 6249 = -4*n. Suppose -2*z - 1575 = -3*z + 4*k, -4*z = k - n. Is z composite?
True
Let i(n) = 598*n**3 - 3*n**2 + 2*n + 5. Is i(6) composite?
True
Let z(i) = -i**3 - 9*i**2 - 13*i - 46. Let s be z(-8). Let x(a) = 7 + 5*a**2 + 5*a + a + 2*a. Is x(s) a prime number?
True
Suppose 12 = 3*y - 6*y, 2*c = -4*y + 21150. Is c a composite number?
True
Suppose -2*g + 2*j = 10 - 0, -3*g - 5*j + 25 = 0. Let c(b) = -b**3 - b**2 + b + 18. Let q be c(g). Is (-370)/(-4)*q/15 prime?
False
Suppose y + 4*v + 352 = 0, -4*v - 1149 = 4*y + 295. Let j(d) = -154*d**2 + 3*d - 1. Let r be j(2). Let c = y - r. Is c composite?
True
Let j = -9 + -105. Let g = j - -48. Let n = 227 + g. Is n prime?
False
Is (347/(-8)*6)/((-3)/4) a prime number?
True
Suppose o - 24 = -5*o. Suppose -785 = -o*a + 3*a. Is a composite?
True
Let o(j) = 3064*j**2 + 31*j + 43. Is o(-6) composite?
False
Suppose 6 = -2*q + 10. Suppose 8 = -q*u + 4*u. Is 2 + -46*u/(-8) a composite number?
True
Suppose 0 = n + 3*f - 18, 0 = -f - 3*f + 20. Suppose n*a = r - 732, 4*r + 0*a - a = 2939. Let h = r + -416. Is h a composite number?
True
Suppose 92*o - 118811 = 81*o. Is o composite?
True
Let q be (-2 + 157)/(-6 - -7). Let o(x) = -8*x**3 + 2*x**2 + 2*x + 6. Let n be o(-3). Let s = n - q. Is s a composite number?
False
Let c(a) = a. Let b(x) = -x - 85. Let l(p) = -b(p) - 2*c(p). Is l(0) prime?
False
Let f be 0/2 + -2 - -1789. Suppose -f = -4*m + 1. Is m a prime number?
False
Let l(m) = 2*m**2 + 3*m + 15. Suppose 0 = 5*x - 6*x - 6. Let o be (-3 + 10)*x/7. Is l(o) a prime number?
False
Suppose -2*l = 5*l - 70. Suppose 0 = l*c - 15310 + 4340. Is c a composite number?
False
Let x be (-4)/8*1*-4. Suppose x*u - u = -23. Let h = u + 60. Is h composite?
False
Is ((-27608)/24 + 6)*-3 prime?
True
Suppose 3*r = -4 + 7, 2*g = 4*r + 4. Suppose -3*w + 8*w - 15 = 0. Suppose w*j - j + 460 = g*a, 5*a - 2*j = 575. Is a a prime number?
False
Suppose 8 + 6 = 7*a. Is (0 - 71/(-2))*a composite?
False
Suppose -3*b + 4*w = -38419, -5*b - 3*w = w - 64053. Is b prime?
True
Let q be 4/(-16) + 2533/4. Suppose -6*p = -9*p + q. Is p a prime number?
True
Let d = 861 + -2162. Is (d + -4)/(-5) - 4 a prime number?
True
Let w be 105/10*8/14. Suppose -1307 = -w*v - 161. Is v composite?
False
Let j(r) = -r - 1. Let o be j(-6). Suppose -x + 2*u = -371, -241 = -5*x + o*u + 1604. Is x a prime number?
True
Let m(d) be the third derivative of -d**6/12 - d**5/30 + 5*d**4/24 + d**3/2 + 35*d**2. Is m(-4) prime?
False
Let c(i) = -228*i + 1. Let v(n) = 684*n - 2. Let s(x) = 8*c(x) + 3*v(x). Is s(4) a composite number?
True
Is (-120918)/9*(-3)/2*1 prime?
False
Suppose u - 625 = -4*u. Let n = u + -4. Is n composite?
True
Suppose 0 = -5*n + 27 - 7. Suppose 374 = 5*p + 3*m, 0*p + 3*p + n*m = 231. Suppose 3*a - 32 - p = 0. Is a composite?
True
Let b be (-3)/((-12)/(-20)) - 1. Let j be (b/2)/(6/(-8)). Suppose 0 = u - s - 448, u - j*s - 396 - 55 = 0. Is u prime?
False
Let a(y) = -9*y**2 + y**3 + 23*y + 5 - 21*y + 4*y**2. Let p be a(4). Is 19/57 - 3776/p composite?
False
Let k(i) = -131*i - 50. Is k(-11) composite?
True
Suppose -5*z + 10 = -10*z. Is (z + 636)/1 + -3 + 0 composite?
False
Let u(k) = -2*k**2 + 68*k - 41. Is u(32) prime?
False
Let w be ((-1159)/(-1) - (-9 + 6)) + -2. Suppose 2*s = w - 366. Is s composite?
False
Suppose 8*o + 15 = 13*o. Suppose 0 = -i - o*l + 71, -7*i + 213 = -4*i - 3*l. Is i a prime number?
True
Let a = 6 + -7. Let g be 1 + (-4)/(-2) + a. Suppose -6*k + g*k + 740 = -y, 3*k - 3*y - 555 = 0. Is k composite?
True
Let a = 38 - 35. Suppose 3*f = a*q + 102, 0 = 5*f - 0*f + 4*q - 143. Is f a prime number?
True
Suppose 92*n - 185053 = 81*n. Is n a composite number?
False
Let m(l) = -l**3 + 75*l**2 - 292*l + 13. Is m(66) composite?
True
Suppose -2*l + 3*l + 2*h = -8, -l + h - 8 = 0. Let y(j) = j**3 + 10*j**2 - 2*j + 2. Is y(l) a composite number?
True
Suppose -4132 = -9*g + 1205. Is g a composite number?
False
Let f(b) = -5*b**3 - 23*b**2 - 6*b + 11. Let p be f(-21). Suppose 0 = 14*a + 7277 - p. Is a composite?
True
Let k(q) = -2*q**2 - 5 - 10*q**3 + 0*q**2 - 6*q + 7*q. Let m be k(5). Let l = -713 - m. Is l prime?
True
Let n = 21 - 13. Let j be (3 + (-10)/4)*n. Suppose -4*o = 0, -4*o - 165 = j*z - 637. Is z a composite number?
True
Let v = -1758 - -1809. Is v a composite number?
True
Suppose -z = 4*m - 73733, -5*m = 4*z - 34020 - 58149. Is m prime?
True
Suppose -12 = 3*b + 2*g, 0 = -g - 2 - 1. Let q(w) = w**3 + 2*w**2 + 2. Let p be q(b). Suppose 161 = -x + p*x. Is x a prime number?
False
Let m(t) be the second derivative of 5*t**3/2 - 7*t**2 - 5*t. Let q be m(6). Let h = q - 27. Is h prime?
False
Suppose 112*a - 118*a + 133374 = 0. Is a prime?
True
Let x(b) = -19*b**2 - 6*b - 3. Let q = 31 + -33. Let h be x(q). Let t = h - -282. Is t a composite number?
True
Suppose 2*b - 14 = -5*t - 0*b, 0 = -t + 3*b - 4. Suppose 785 = 3*l + t*l. Suppose -f - 801 = -6*f + 2*p, -f + l = -2*p. Is f a composite number?
True
Let c(z) be the second derivative of -9*z**5/10 - z**4/12 - 5*z**3/6 - z**2 - 2*z. Let x be c(-3). Let a = x - 303. Is a a composite number?
True
Suppose -1154 = -5*x - 3*r - 11124, 4*r = 4*x + 7944. Let f = 3921 + x. Is f/12 + 8/48 a composite number?
True
Let p(q) = -q**2 - 4*q. Let u be p(-4). Let i be u/(-4)*(-2)/4. Suppose -19 = -i*t - t. Is t a prime number?
True
Let l(z) = 3*z**2 + 27*z + 3. Let s be l(-19). Let w = -226 + s. Is w a composite number?
False
Is 8513 - (-7 - (-13 - -2)) prime?
False
Let d(p) = -2*p**2 + 6 - 6 - 4*p**3 -